divided by 10.
5
What is the remainder when 2086 is divided by 58?
56
What is the remainder when 27 is divided by 17?
10
Calculate the remainder when 1259 is divided by 27.
17
What is the remainder when 140 is divided by 36?
32
What is the remainder when 503 is divided by 56?
55
What is the remainder when 746 is divided by 22?
20
What is the remainder when 87 is divided by 23?
18
Calculate the remainder when 440 is divided by 24.
8
Calculate the remainder when 518 is divided by 130.
128
Calculate the remainder when 2061 is divided by 16.
13
Calculate the remainder when 228 is divided by 41.
23
What is the remainder when 73 is divided by 22?
7
What is the remainder when 1244 is divided by 9?
2
Calculate the remainder when 2526 is divided by 149.
142
What is the remainder when 221 is divided by 59?
44
Calculate the remainder when 1652 is divided by 185.
172
Calculate the remainder when 163 is divided by 134.
29
Calculate the remainder when 20083 is divided by 83.
80
Calculate the remainder when 2312 is divided by 4.
0
Calculate the remainder when 213 is divided by 36.
33
Calculate the remainder when 318 is divided by 154.
10
Calculate the remainder when 3522 is divided by 15.
12
Calculate the remainder when 514 is divided by 12.
10
Calculate the remainder when 1913 is divided by 592.
137
Calculate the remainder when 3689 is divided by 52.
49
Calculate the remainder when 684 is divided by 46.
40
What is the remainder when 217 is divided by 42?
7
What is the remainder when 1935 is divided by 102?
99
What is the remainder when 60 is divided by 21?
18
Calculate the remainder when 179 is divided by 18.
17
What is the remainder when 121 is divided by 25?
21
Calculate the remainder when 128 is divided by 119.
9
Calculate the remainder when 260 is divided by 91.
78
What is the remainder when 16729 is divided by 47?
44
What is the remainder when 214 is divided by 126?
88
Calculate the remainder when 30 is divided by 21.
9
Calculate the remainder when 73 is divided by 8.
1
Calculate the remainder when 507 is divided by 15.
12
Calculate the remainder when 1496 is divided by 117.
92
What is the remainder when 294 is divided by 135?
24
Calculate the remainder when 1078 is divided by 18.
16
Calculate the remainder when 1450 is divided by 482.
4
What is the remainder when 786 is divided by 102?
72
What is the remainder when 1699 is divided by 50?
49
Calculate the remainder when 362 is divided by 36.
2
Calculate the remainder when 1343 is divided by 32.
31
What is the remainder when 49 is divided by 7?
0
What is the remainder when 131 is divided by 41?
8
What is the remainder when 118 is divided by 106?
12
What is the remainder when 4311 is divided by 7?
6
Calculate the remainder when 155 is divided by 25.
5
What is the remainder when 1111 is divided by 20?
11
What is the remainder when 147 is divided by 147?
0
Calculate the remainder when 354 is divided by 71.
70
Calculate the remainder when 293 is divided by 18.
5
What is the remainder when 29302 is divided by 36?
34
Calculate the remainder when 113 is divided by 17.
11
Calculate the remainder when 330 is divided by 37.
34
What is the remainder when 702 is divided by 358?
344
What is the remainder when 3241 is divided by 69?
67
Calculate the remainder when 337 is divided by 87.
76
What is the remainder when 8646 is divided by 309?
303
What is the remainder when 1190 is divided by 8?
6
What is the remainder when 426 is divided by 39?
36
Calculate the remainder when 458 is divided by 51.
50
What is the remainder when 232 is divided by 58?
0
What is the remainder when 3662 is divided by 111?
110
What is the remainder when 202 is divided by 67?
1
Calculate the remainder when 703 is divided by 62.
21
Calculate the remainder when 334 is divided by 14.
12
What is the remainder when 3491 is divided by 76?
71
Calculate the remainder when 490 is divided by 162.
4
What is the remainder when 140 is divided by 13?
10
What is the remainder when 202 is divided by 17?
15
What is the remainder when 25 is divided by 3?
1
What is the remainder when 206 is divided by 37?
21
Calculate the remainder when 2020 is divided by 501.
16
Calculate the remainder when 549 is divided by 131.
25
What is the remainder when 360 is divided by 120?
0
Calculate the remainder when 518 is divided by 41.
26
What is the remainder when 119 is divided by 118?
1
Calculate the remainder when 16 is divided by 3.
1
Calculate the remainder when 5357 is divided by 67.
64
Calculate the remainder when 100 is divided by 79.
21
Calculate the remainder when 9106 is divided by 18.
16
Calculate the remainder when 54 is divided by 42.
12
Calculate the remainder when 8278 is divided by 72.
70
Calculate the remainder when 106 is divided by 45.
16
Calculate the remainder when 643 is divided by 627.
16
What is the remainder when 454 is divided by 154?
146
Calculate the remainder when 785 is divided by 195.
5
What is the remainder when 1995 is divided by 54?
51
What is the remainder when 235 is divided by 2?
1
Calculate the remainder when 23 is divided by 9.
5
Calculate the remainder when 1736 is divided by 29.
25
Calculate the remainder when 76 is divided by 58.
18
What is the remainder when 1741 is divided by 579?
4
What is the remainder when 2115 is divided by 46?
45
Calculate the remainder when 175 is divided by 102.
73
What is the remainder when 589 is divided by 27?
22
What is the remainder when 290 is divided by 139?
12
Calculate the remainder when 291 is divided by 150.
141
Calculate the remainder when 24 is divided by 13.
11
What is the remainder when 46 is divided by 18?
10
Calculate the remainder when 470 is divided by 44.
30
Calculate the remainder when 1117 is divided by 56.
53
What is the remainder when 202 is divided by 34?
32
What is the remainder when 138 is divided by 44?
6
What is the remainder when 458 is divided by 28?
10
What is the remainder when 1817 is divided by 13?
10
What is the remainder when 209 is divided by 66?
11
Calculate the remainder when 514 is divided by 20.
14
Calculate the remainder when 1671 is divided by 28.
19
What is the remainder when 159 is divided by 26?
3
Calculate the remainder when 51 is divided by 21.
9
Calculate the remainder when 150 is divided by 8.
6
What is the remainder when 8 is divided by 5?
3
Calculate the remainder when 596 is divided by 63.
29
Calculate the remainder when 331 is divided by 37.
35
What is the remainder when 850 is divided by 142?
140
Calculate the remainder when 337 is divided by 77.
29
Calculate the remainder when 971 is divided by 108.
107
What is the remainder when 271 is divided by 271?
0
What is the remainder when 133 is divided by 48?
37
Calculate the remainder when 126 is divided by 66.
60
Calculate the remainder when 718 is divided by 105.
88
What is the remainder when 12 is divided by 7?
5
Calculate the remainder when 197 is divided by 36.
17
What is the remainder when 304 is divided by 51?
49
Calculate the remainder when 103 is divided by 23.
11
What is the remainder when 251 is divided by 84?
83
Calculate the remainder when 164 is divided by 56.
52
What is the remainder when 170 is divided by 21?
2
What is the remainder when 60 is divided by 51?
9
Calculate the remainder when 641 is divided by 15.
11
What is the remainder when 3190 is divided by 31?
28
What is the remainder when 223 is divided by 15?
13
Calculate the remainder when 1043 is divided by 66.
53
Calculate the remainder when 4965 is divided by 69.
66
Calculate the remainder when 396 is divided by 20.
16
What is the remainder when 100 is divided by 42?
16
What is the remainder when 167 is divided by 35?
27
What is the remainder when 740 is divided by 149?
144
Calculate the remainder when 194 is divided by 12.
2
Calculate the remainder when 122 is divided by 4.
2
What is the remainder when 1179 is divided by 42?
3
Calculate the remainder when 485 is divided by 283.
202
What is the remainder when 1706 is divided by 59?
54
What is the remainder when 738 is divided by 69?
48
What is the remainder when 80 is divided by 17?
12
Calculate the remainder when 1520 is divided by 500.
20
Calculate the remainder when 567 is divided by 94.
3
Calculate the remainder when 306 is divided by 131.
44
What is the remainder when 4859 is di